to base 2
1001110011100111110
What is 15b916 (base 14) in base 8?
2720020
Convert -1132343441 (base 5) to base 11.
-1530836
What is -150456 (base 8) in base 11?
-37262
What is -1030261 (base 11) in base 10?
-1815793
Convert 147b8 (base 13) to base 10.
38683
Convert 1221112201 (base 3) to base 11.
26863
Convert 5c4989 (base 13) to base 2.
1000011011011101010011
What is 17660a8 (base 12) in base 16?
4a3300
Convert -3388a3 (base 15) to base 13.
-681303
What is 332321120 (base 5) in base 4?
11201211131
Convert 24aa52 (base 11) to base 13.
10ab94
64198 (base 14) to base 5
30214202
What is -5516421 (base 7) in base 14?
-1389b8
Convert 24213 (base 13) to base 7.
364122
What is -14821a (base 11) in base 8?
-702176
Convert -136651450 (base 7) to base 15.
-bdcd4a
Convert 241531103 (base 7) to base 4.
321112023200
Convert 16a7329 (base 11) to base 13.
7a4326
Convert 2102043243 (base 5) to base 2.
10000100001011001000001
Convert 102101002100 (base 3) to base 2.
110110101001111010
249558 (base 11) to base 14
a349b
-10000101001000111 (base 2) to base 8
-205107
-24320 (base 12) to base 16
-bec8
-2200211012001 (base 3) to base 6
-50415514
-1010141112 (base 5) to base 7
-23212604
What is -22222222121220 (base 3) in base 13?
-cb5bc9
Convert 195285 (base 10) to base 13.
6ab6c
236346 (base 10) to base 8
715472
Convert -80aed (base 15) to base 9.
-680847
What is -11101001100101011110 (base 2) in base 5?
-221104031
Convert -5661 (base 9) to base 8.
-10132
What is 10010230101 (base 5) in base 13?
206c337
43221303 (base 5) to base 15
73b6d
-44004201 (base 5) to base 9
-632138
Convert 201122000 (base 3) to base 14.
5302
What is 6586008 (base 9) in base 7?
42044630
-cdcb97 (base 14) to base 15
-930a0d
11010100010101111100011 (base 2) to base 11
3a22761
What is -20202000001 (base 4) in base 11?
-1298287
-30677 (base 13) to base 3
-11102001122
Convert -313267 (base 8) to base 16.
-196b7
Convert 1674359 (base 10) to base 16.
198c77
Convert -1c0033 (base 15) to base 4.
-11031232023
Convert 2113020 (base 5) to base 2.
1000101000111001
Convert 1a6cc (base 16) to base 5.
11430421
Convert -32222230220 (base 4) to base 14.
-7212c0
What is 310230322 (base 4) in base 12?
a4b0a
6fed (base 16) to base 6
340353
-400033 (base 8) to base 9
-218745
What is 1531836 (base 13) in base 5?
3213210201
Convert -7c2e0 (base 15) to base 13.
-10b05a
What is 7370364 (base 8) in base 9?
3620603
Convert -10867566 (base 9) to base 15.
-6ea6d0
1c625d (base 14) to base 9
1817316
641274 (base 8) to base 15
434b2
What is 1433444331 (base 5) in base 2?
1110100010110001110010
What is 16649 (base 16) in base 15?
1c29b
What is -2045032 (base 8) in base 7?
-4421562
What is -3160e (base 15) in base 2?
-100110001111000110
Convert 132333021 (base 4) to base 3.
20110002210
Convert 1a87a (base 13) to base 4.
30230100
What is 4322114 (base 7) in base 2?
10000000100011100101
Convert -c6031 (base 13) to base 5.
-42342304
Convert 14263 (base 9) to base 14.
3768
What is 237148b (base 12) in base 2?
11010001100010001101011
What is -99c22 (base 13) in base 9?
-464484
Convert -e5a07 (base 16) to base 11.
-592717
Convert -112067 (base 9) to base 7.
-366466
Convert 111011110100010101100 (base 2) to base 13.
538237
691443 (base 14) to base 5
1403420100
What is 10100101010211 (base 3) in base 12?
719527
210a41 (base 14) to base 2
100010000011110110001
What is 11100010101110011 (base 2) in base 7?
662302
-210102013 (base 4) to base 5
-14223430
What is 7b67ab (base 13) in base 4?
23022301300
What is -20152403 (base 6) in base 14?
-10d627
11131323 (base 5) to base 8
301223
Convert 103120132013 (base 4) to base 6.
300522555
What is -32734 (base 14) in base 8?
-356452
What is 15d20ad (base 14) in base 12?
3711a21
1526766 (base 9) to base 4
3032100021
Convert -23622 (base 11) to base 13.
-12644
12322311 (base 4) to base 12
14499
Convert -22c3259 (base 13) to base 9.
-22187582
Convert 942219 (base 11) to base 13.
40b969
What is 18633 (base 16) in base 10?
99891
Convert 2b29a15 (base 13) to base 5.
12014111234
What is -637466 (base 9) in base 4?
-1130221020
Convert 30b644 (base 12) to base 14.
15d444
213644 (base 16) to base 3
11002120201002
Convert 2657673 (base 10) to base 6.
132544013
What is 2110110202201 (base 3) in base 10?
1308385
Convert -4033430 (base 5) to base 16.
-fd61
What is 1103232 (base 6) in base 11?
384a7
Convert -285c41 (base 14) to base 10.
-1399105
Convert 33120133113 (base 4) to base 10.
4032471
Convert 1287a (base 16) to base 10.
75898
What is 10211301 (base 4) in base 12?
aa69
8c923 (base 16) to base 5
121411104
Convert 11010001011110010 (base 2) to base 3.
12110010020
What is -11711447 (base 8) in base 2?
-1001111001001100100111
33ba9 (base 13) to base 16
17040
Convert 43022313 (base 5) to base 8.
1300776
-23213520 (base 7) to base 3
-10211111200220
What is -1011010110000001011 (base 2) in base 3?
-200212220112
116080 (base 9) to base 10
70056
14615006 (base 7) to base 11
876192
Convert 101220002101 (base 3) to base 15.
437ca
9a75c (base 16) to base 6
21321004
-56452332 (base 7) to base 9
-10203543
-21100120122 (base 3) to base 6
-3034112
What is -1222121100222 (base 3) in base 13?
-2ac350
What is -2021220020120 (base 3) in base 10?
-1218336
What is 13066126 (base 8) in base 15?
3c792d
Convert 652b05 (base 13) to base 15.
31e39b
-5221412 (base 6) to base 13
-8a7b8
Convert -b072 (base 14) to base 5.
-1432114
1001000000010100011 (base 2) to base 11
191770
-101012210120002 (base 3) to base 15
-7236cb
-113003223 (base 4) to base 8
-270353
420440440 (base 5) to base 6
101055102
What is 3034206 (base 7) in base 14?
95b06
-6b3b2 (base 12) to base 2
-100011001001110110
20013133 (base 5) to base 13
56796
9104 (base 13) to base 15
5d9b
What is 10010100110101111011000 (base 2) in base 6?
252311544
-195611 (base 10) to base 3
-100221022212
1000101100111001000 (base 2) to base 11
185248
What is 10121100011 (base 3) in base 7?
413611
Convert c912a (base 15) to base 12.
269364
-230086 (base 16) to base 4
-20300002012
Convert 375945 (base 10) to base 12.
161689
What is 11010101011001000111 (base 2) in base 12?
36199b
3a5a795 (base 12) to base 13
25206a4
What is 118920 (base 16) in base 3?
2011101102120
-23124254 (base 6) to base 12
-2a368a
6979831 (base 11) to base 2
101110100001000111110101
Convert -3061061 (base 8) to base 11.
-504820
-22024345 (base 7) to base 15
-27495d
What is 2462500 (base 9) in base 14?
26c643
What is 4168a6 (base 11) in base 12?
282637
What is 33dd51 (base 15) in base 14?
48691a
Convert 5456c4 (base 14) to base 15.
3b6b87
What is -601654 (base 7) in base 4?
-120302032
Convert 130020331113 (base 4) to base 16.
708f57
What is 7916a (base 11) in base 3?
12211021210
Convert 172076 (base 14) to base 4.
3012110220
Convert -10012413 (base 5) to base 14.
-20b88
Convert -2011102000210 (base 3) to base 7.
-12525522
What is 1333031121 (base 4) in base 5?
113133144
Convert -c6289 (base 15) to base 9.
-1156813
What is -5767080 (base 10) in base 2?
-10101111111111110101000
-33441132 (base 5) to base 4
-1020113201
Convert 20203220002 (base 4) to base 15.
2e4934
1a8730 (base 11) to base 10
318989
Convert -6a6b3 (base 12) to base 8.
-426547
What is -479640 (base 14) in base 6?
-124232412
Convert 4dc4 (base 15) to base 5.
1012414
1257533 (base 11) to base 16
21373a
Convert 254098 (base 10) to base 9.
426501
-227aa (base 15) to base 14
-2bdc3
Convert -5aa8d2 (base 16) to base 2.
-10110101010100011010010
What is ae831 (base 16) in base 6?
23153133
-95379 (base 10) to base 6
-2013323
-151a024 (base 11) to base 15
-366bcd
What is -4233410 (base 6) in base 13?
-73206
-4a5053 (base 15) to base 3
-20200220100220
-12c15 (base 13) to base 8
-104271
163545 (base 16) to base 2
101100011010101000101
-a4b0a (base 15) to base 12
-212277
Convert -421332 (base 6) to base 4.
-20103320
175907 (base 10) to base 2
101010111100100011
What is 7171452 (base 8) in base 11?
1086490
What is 111201200000 (base 3) in base 8?
1017610
What is -405b6 (base 14) in base 5?
-14423204
-12013442 (base 6) to base 13
-101b10
Convert -1111110000101001 (base 2) to base 12.
-31435
4097c (base 15) to base 2
110001111101100010
What is -130101003212 (base 4) in base 11?
-4201188
What is -1212622 (base 8) in base 9?
-557054
Convert -105002411 (base 6) to b